er when (-13*10 - 1)/(-3 - -2) is divided by 38.
17
Calculate the remainder when (-3547 + -1)*9/(-18) is divided by 24.
22
Suppose 6*q + 3*u + 54 = 3*q, -u = -2*q - 30. Let h = q + 38. Suppose -17*l + h*l = 65. What is the remainder when 25 is divided by l?
12
Suppose -598 = -22*z + 414. What is the remainder when z is divided by 1*3*(-1 - -5)?
10
Let i = 425 + -353. Calculate the remainder when i is divided by 22.
6
Let y(t) = -62*t - 4. Let q be y(3). Calculate the remainder when 67 is divided by q/(-8) - 9/12.
21
Let f(d) = d + 21. Let l be f(-18). Suppose 0*g - 20 = -g + 5*c, -48 = -l*g + 3*c. What is the remainder when 56 is divided by g?
11
Suppose 0 = -385*r + 381*r + 32. Calculate the remainder when 469 is divided by r.
5
Suppose 2*o - 13 = -2*w + 37, 2*o + 5*w = 35. Calculate the remainder when 48 is divided by o.
18
Suppose -14*m + 10*m = -20. Suppose -2*v + 75 = -m*h, 3*v + 2*h - 40 = v. Calculate the remainder when 46 is divided by v.
21
Suppose 2*d + i = 485, 3*d - 1020 + 300 = -4*i. Let w = -187 + d. Calculate the remainder when w is divided by (6 - 2)*(-3)/(-1).
9
What is the remainder when 10/(-6) + (-1984)/(-24) is divided by 31?
19
What is the remainder when (-3288)/(-10) - (38/10 - 4) is divided by 30?
29
Let l(k) = k**2 + 29*k + 179. Calculate the remainder when l(-23) is divided by 3 + (2 - 0) + 2.
6
Let c(f) = -61*f + 3. Let v be c(-1). Let a = 74 - v. Calculate the remainder when 37 is divided by a.
7
Suppose 7*d + 1 - 92 = 0. Suppose -2*t - c = c - 38, c + d = t. Calculate the remainder when t is divided by 6.
4
Suppose -12*q + 7*q = 2*s - 28, 4*s = -4*q + 56. Let i = 37 + 88. Calculate the remainder when i is divided by s.
13
Suppose 2703 = 63*u - 1392. Let z(i) = 3*i**2 - 4*i - 3. Calculate the remainder when u is divided by z(-2).
14
Let m(y) = 5*y**2 + 4*y + 1. Let o(f) = f**2 - 8*f + 10. Let k be o(7). What is the remainder when m(-1) is divided by -2*1 - (k - 6)?
0
What is the remainder when 4 - -2*(6/4 + -2) is divided by 3?
0
Suppose 3*f - 80 = -26. Let w = 9119 - 9114. What is the remainder when f is divided by w?
3
Let b be (-1)/(-1) + -42 - 4. Let y be 4*(b/(-10) + -3). Suppose y*q - 21 = 5*q. What is the remainder when 83 is divided by q?
20
Let p(f) = -22*f - 6. Suppose -9*m + 31*m = 946. Calculate the remainder when p(-6) is divided by m.
40
Let x be 1*(1 - 1 - 3) - -3. What is the remainder when -3 + x - (3 + -16) is divided by 5?
0
Let s(t) = t**3 + 26*t**2 - 25*t + 87. What is the remainder when 262 is divided by s(-27)?
31
Suppose 562 = 7*k - 26. Calculate the remainder when 229 is divided by k.
61
Suppose 3*n - 160 = -n + 4*w, -n + 3*w + 38 = 0. Suppose -3*p + 88 = p. What is the remainder when n is divided by p?
19
Let a(v) = v**3 + 33*v**2 + 27*v - 60. Calculate the remainder when a(-32) is divided by 35.
30
Suppose -5*g = -5*f + 435, 2*f = 3*g + 104 + 66. Suppose -19 = -5*v + f. What is the remainder when 195 is divided by v?
19
Calculate the remainder when (-3)/(-9) + (-16620)/(-90) is divided by 94.
91
Let z(u) = -u**3 + u**2 + 1. Let c be (-3)/12 - (-21)/(-12). Calculate the remainder when 1 + -4 + 1 - -25 is divided by z(c).
10
Suppose 0 = -4*u + 7*u - 81. Let d = u + -13. Let q = d - 2. What is the remainder when q is divided by 5?
2
Let s(h) = -9*h**3 - 2*h**2 + 3*h - 2. Let p = -116 - -170. What is the remainder when s(-3) is divided by p?
52
Let u(t) = -t**3 - 18*t**2 - 19*t + 82. What is the remainder when u(-17) is divided by 10?
6
Suppose 2*c + c - 5*z = 17, -c - 2*z + 24 = 0. What is the remainder when 40 is divided by c?
12
Let d(r) = -r**2 + 4*r + 8. Let f be d(6). Suppose -3*q + 6*q - 120 = -3*i, 2*i = 10. What is the remainder when q is divided by -1 - f*5/2?
8
Suppose -7*g - 75 = -10*g - 3*r, -4*g = -2*r - 124. Calculate the remainder when 79 is divided by g.
21
Suppose 0 = 4*d + 15 - 47. Let w(a) = a**3 + 7*a**2 + 2*a - 9. Let o be w(-7). Let g = o + 45. What is the remainder when g is divided by d?
6
Let d = 18 - 18. Let t(h) = h**3 - h**2 - h + 2. Let j be t(d). Suppose 3*x - 234 = j*n, 5*x + 2*n - 105 = 285. What is the remainder when x is divided by 27?
24
Let r(o) = 127*o + 522. Calculate the remainder when r(-3) is divided by 6.
3
Suppose 191*z = 198*z - 252. Calculate the remainder when 120 is divided by z.
12
Let u(a) = -a**2 + 8*a - 10. Let w be u(7). Let x be (-3)/1 - (-7 - w). Calculate the remainder when 74 is divided by (3 - x)*(-19)/(-2).
17
Let x(h) be the third derivative of -h**5/10 + h**4/12 - h**3/3 - h**2. Let n be x(2). Calculate the remainder when 2 + (n/(-1))/2 is divided by 5.
3
Suppose 4*h - 2*q - 264 = 0, -182 = -5*h - 2*q + 148. Calculate the remainder when 255 is divided by h.
57
Let p(w) = w + 5. Let b be p(-4). Let c = b - -62. What is the remainder when (-7)/(c/120)*-3 is divided by 21?
19
Suppose 58*v + 3*v = 2745. What is the remainder when 74 is divided by v?
29
Suppose -5*o + 15 = 4*v, 0 = 4*v - 2*o - 2*o - 24. Suppose -3*a + k + 21 = 3, -v*a - 2*k = -19. What is the remainder when 6 is divided by a?
1
Calculate the remainder when 244 is divided by (-51005)/(-3939) - (-2)/39.
10
Let r be 32/(6 - 2) - 1. Let d be 13 - r - (3 + 0). Suppose 0*b + 34 = d*b + c, 0 = b - 3*c - 28. Calculate the remainder when 50 is divided by b.
11
Suppose -67*x + 30*x + 407 = 0. Let d = -41 - -62. Calculate the remainder when d is divided by x.
10
Let x = -31 + 74. Let m = 99 - x. Calculate the remainder when m is divided by 31.
25
Calculate the remainder when 513 is divided by 106 - 18*5/30.
101
Suppose 4*x - 12 = 3*y - 2*y, 4*x = 3*y + 20. Suppose -41 = -4*q - 9. Suppose q + 13 = 3*i. Calculate the remainder when i is divided by x.
1
Suppose 4*l + 626 = 762. Calculate the remainder when 87 is divided by l.
19
Suppose 58 = 6*c + 214. Let h = 26 + -61. Let m = c - h. What is the remainder when 16 is divided by m?
7
Suppose -7*j + 5452 = 40*j. What is the remainder when j is divided by 13?
12
Let j = -11 + 18. Suppose 0 = 2*q + 6 - 34. Suppose b = p + q, 5*b - 3*b - 5*p = 13. What is the remainder when b is divided by j?
5
Let i = 16 - -7. Let m(q) = -q**2 + 29*q - 72. What is the remainder when m(23) is divided by i?
20
Let o(q) = -2*q**3 - 14*q**2 + q - 4. Calculate the remainder when o(-8) is divided by 15.
11
Let t(d) = d**2 - 11*d + 84. What is the remainder when 157 is divided by t(6)?
49
Suppose -641 - 211 = -12*w. What is the remainder when 195 is divided by w?
53
Suppose 1 = -13*a + 12*a, 0 = 4*b + 4*a + 388. Let t be (286/6)/(2/6). Let h = b + t. Calculate the remainder when h is divided by 12.
11
Let g = 31 + 20. Let u = -939 - -1141. What is the remainder when u is divided by g?
49
Let y(x) = 4*x + 3. Let f be y(5). Suppose -3 = 5*z - f. What is the remainder when 9 is divided by z?
1
Suppose 0 = 4*c - 8*c - 24. Suppose 0*a - 2*y - 23 = -a, 5*a + y - 170 = 0. What is the remainder when a is divided by ((-10)/6)/(c/36)?
3
Let k(z) = 6*z**2 + 9*z + 2. What is the remainder when 85 is divided by k(-3)?
27
Suppose 69*x + 943 = 92*x. What is the remainder when 366 is divided by x?
38
Suppose 0 = -5*h - 4*b + 3*b - 350, 4*h + 266 = 2*b. Let x = 40 + h. Let f = x - -64. Calculate the remainder when f is divided by 19.
16
Suppose -3*n + 0*n + 48 = 0. Let g = n + -5. What is the remainder when g is divided by 15/(-6)*(-16)/10?
3
Let w(v) = 214*v + 6. Let r(g) = -71*g - 2. Let s(x) = -10*r(x) - 3*w(x). What is the remainder when s(1) is divided by 36?
34
Suppose -5 = -2*y + 15. Let u(v) = -v**2 + 13*v + 8. Let t(g) = 2*g**2 - 13*g + 3. What is the remainder when t(10) is divided by u(y)?
35
Let s(b) = -12*b - 361. What is the remainder when 174 is divided by s(-32)?
13
Suppose 4*x = -3*f + 19, -8 = -f + 20*x - 21*x. Calculate the remainder when 139 is divided by f.
9
What is the remainder when 269 is divided by 5 + 110/(-25) - 584/(-10)?
33
Let f(a) = a**3 - 2*a**2 - 8*a - 2. Calculate the remainder when f(8) is divided by 2 + 36 + (4 - 10).
30
Let x be 129/(((-21)/4)/(-7)). Let u = -119 + x. Suppose u - 183 = -2*f. What is the remainder when f is divided by 17?
14
Calculate the remainder when (-255)/(-6) - 10/4 is divided by 11.
7
Let b = -40 + 74. Let n = 169 - 162. What is the remainder when b is divided by n?
6
Let f(j) = -j**3 - 13*j**2 - 16*j - 41. What is